alculate -22 + (-117 - -36 - -2).
-101
What is the value of 26 + -8 - (-17 + (-38 - -60))?
13
-24 + (23 - -41) + (0 + 1 - 0)
41
What is the value of (0 - 0 - -6) + (7 - (-17 + 142 + -28))?
-84
31 - (25 + -13 - 11 - (5 + -27 + 8))
16
Evaluate 4 - ((9 - -5) + -4).
-6
(27 - 63 - -46) + -60
-50
Calculate -12 - ((-14 + (24 - 16) - -4) + 52).
-62
Calculate (-17 - (-2 - 0) - (-331 + 363)) + -12.
-59
-35 + 2 + (133 - 295 - -103)
-92
Evaluate 3 - -3 - (30 + -21 + 27).
-30
Evaluate (-9 + 12 + 0 + -18 - -9) + 6 + 2.
2
What is the value of 67 + -62 + -7 + 0 + -7 + 4 - 20?
-25
What is the value of 181 + -104 + -10 + -13?
54
Calculate (-8 - (-8 + 20 + -19)) + 30.
29
-7 + -90 + 10 + 43
-44
What is the value of 62 - ((-55 - (11 - 82)) + (1 - 5))?
50
Evaluate (-27 - 14) + 44 + 44.
47
Evaluate -3 + -3 + -8 + (-2422 - -2413).
-23
Evaluate -16 + -17 + -8 - (150 - 275).
84
What is the value of -8 - ((-62 - -61) + (9 - 3)) - 13?
-26
What is (-1 - -9 - 6 - (-11 + 9)) + 54 + -3?
55
-18 - (-54 - (-35 + -24))
-23
What is the value of 35 + (4 - 20) + 38?
57
19 - (17 - (-21 - (-16 + 8))) - -15
4
What is the value of 1 + 0 + 8 + (-1431 - -1421) + 3?
2
-5 - 12 - (23 + (19 - (24 - -33)))
-2
What is the value of -46 - (-5 + (3 - 1 - 3 - (-93 - -92)))?
-41
(-134 - -104) + (10 - 26)
-46
-28 + 18 + -7 + -3 - -48
28
What is the value of 152 - 0 - (917 + -839)?
74
Evaluate (-96 - -56 - 95) + 28.
-107
Calculate 1 + (70 - 53) + 64.
82
Calculate -62 - -78 - 17 - -67.
66
What is the value of (-28 + 71 - (-17 + 7)) + -14?
39
What is the value of -1 + (-10 - -16) - ((6 - 36) + -3)?
38
What is -22 + (-20 - (5 + -5 + -26 + 16))?
-32
What is the value of (20 - (4 - (4 - -9))) + 6?
35
What is the value of -2 + 1 + 8 + -26 + -4?
-23
-50 + 9 + 6 + -13 + 141 + -148
-55
Calculate -79 + 96 + 36 + -74.
-21
Evaluate 151 + -75 - 77 - -88.
87
Evaluate (-3 - (-62 + (1 - 1))) + (-17 - -51 - 44).
49
What is the value of (17 - 49 - -17) + -28?
-43
8 - 7 - (11 - 21) - 24 - (12 + 47)
-72
Evaluate -108 - -131 - (-5 + (9 - 23)).
42
What is the value of 77 + (74 - 43) + -110?
-2
Calculate -116 - -56 - -123 - 20.
43
Calculate -26 - (20 - -1 - (-1111 - -1131)).
-27
What is -48 + 4 + -18 + 2 + -6?
-66
Calculate -49 + 59 + -11 + (0 - 3) - 53.
-57
-6 + -56 + (6 - -16) + (-4 - 1)
-45
Calculate (3 - -23) + -60 - (-69 + -3).
38
What is the value of -7 - -32 - ((-28 - -21) + 27) - 9?
-4
What is ((-6 - 3) + 14 - -8) + 0?
13
(22 - 53) + 26 + 63 + -15
43
What is -2 + -96 + -1 - (-7757 + 7736)?
-78
16 - -107 - (35 + 115)
-27
-75 + 61 + 30 - 18
-2
(38 - 57 - -7) + (-47 - -21)
-38
-12 + -38 - (-17 - (29 + -31))
-35
What is the value of (1 + 46 - (-498 + 482)) + -2 + (10 - -3)?
74
What is 9 + -1 + 10 + -63 + -6?
-51
Evaluate ((8 - 6) + -4 - 23) + (18 - 28).
-35
What is the value of 19 - 22 - ((3 - 9) + 4 + 5 + -4)?
-2
Evaluate 4 - 30 - (-71 + 28) - (0 + -73).
90
What is the value of -19 + 85 - 69 - ((-1 - (-94 + 3)) + 3)?
-96
37 - (114 - (0 - -87))
10
Calculate (-630 - -591) + (31 - -1) + (49 - 1).
41
Evaluate (-106 - -91) + 169 + -167.
-13
Evaluate -108 + (-84 - (-22 + -61)).
-109
What is 24 + (17 - -1) + -22 + -47?
-27
Evaluate -7 - -87 - 40 - 42.
-2
(0 - 59) + -20 - -76
-3
Evaluate (-38 - -43) + (0 - 1 - 1) - (-860 + 956).
-93
Evaluate 53 + (14 + (-22 + 21 - 18) - -8).
56
(48 - 70) + 43 - -10
31
Calculate 23 + 1 - (-161 + 87 + 209).
-111
0 + -154 + 4765 + -4677
-66
Evaluate 11 + -86 + 120 + -71.
-26
What is the value of 23 + (-66 - (24 - 100))?
33
What is the value of 1410 - 1361 - (3 - -69)?
-23
-27 + 57 + (-47 - 38)
-55
Calculate 34497 - 34572 - (-12 - (-4 - (-3 - (0 - 1)))).
-65
Evaluate -33 - (18 + -25 + -22) - 13.
-17
What is the value of 11 + (-1 - (-8 + (-2 - -1) - (22 - 29)))?
12
-6 - 2 - (-16 + 10 - (7 + -17))
-12
Calculate (187 + -83 - 128) + -9.
-33
What is -46 + -34 - -36 - 11?
-55
Calculate -2 + -6 + 0 + 1 + 6 - (50 + 24).
-75
Evaluate 1 - -8 - (7 - -24 - -6) - -7.
-21
What is the value of 12 - (-8 + -4 + 42 + -37)?
19
What is -9 - (-5 + (-13 - 16)) - (5 + -24)?
44
Calculate 32 - ((6 + -15 - (-9 - -4)) + -7).
43
What is the value of 3 + 8 + -11 + 34 + -7?
27
Evaluate -2 + (6 - (-87 - -37)).
54
Calculate (83 - (0 + 4)) + (-24 - (26 + -37 - -2)).
64
Evaluate (2 + 50 - 1) + -57.
-6
What is the value of -65 - (2 - (13 - (-2 + 5)))?
-57
What is the value of 0 + -43 + 82 + 57 + 4 + 0?
100
Calculate 3 + (52 - (16 - ((7 - 15) + 11))).
42
Evaluate -27 + 30 + 60 + (-8 + 1 - (-11 - -16)).
51
What is the value of 79 - (3 + -2 + 36)?
42
What is the value of -20 + 19 + (-23 - 15)?
-39
0 + (-4 - (-3 - 4)) - (-52 - -40)
15
What is 59 - ((18 - 12) + 5 + 1)?
47
What is -35 + -47 + 63 - -69?
50
-59 + (10 + -19 + -1 - -26)
-43
Evaluate 11 + -132 + 35 - -46.
-40
65 - (-128 - -116 - (9 + -4 + -5 + -9))
68
Evaluate -2 + -2 + 73 + -224 + 202.
47
What is 562 + -557 - (2 + (3 - (36 + 1)))?
37
What is the value of -20 + -24 + 59 + -17 + -22?
-24
What is the value of -21 + 0 + (-1 - 3 - -16)?
-9
Calculate (-41 - (6 + -3 + -3)) + 300 + -312.
-53
1312 + -1360 + -2 + 41
-9
Evaluate 2 - 33 - (-38 + 17).
-10
What is the value of -120 + 216 + -105 - (1 + -67 - 1)?
58
What is the value of -40 + -15 + (-5 + 4 + 0 - -23)?
-33
What is the value of -73 - (-81 + 53 - 18)?
-27
(-4 - -3) + (-9 - -8) + (-23 - -67) + -37
5
Evaluate 34 - 103 - (14 - 142).
59
What is the value of (-367 - -450) + (0 - 21) + -16?
46
What is 22 - ((0 - 0) + -2 - -6 - (810 - 796))?
32
Evaluate (10 + 1 + 10 - (-6 + 13)) + -164.
-150
Evaluate -290 + 264 + -9 + -3.
-38
-1 - (8 - (53 - 49))
-5
What is the value of (-32 - -35 - -21 - 16) + 89?
97
Calculate 38 - (-8 + (12 - 10) - -8 - 14).
50
1 + 3 + (-6 - (6 - 8 - (-1 - 15)))
-16
What is the value of (18 + (-39 - -23) - 14) + (-1 - -3) + 56?
46
What is (-86 - -36) + -93 + 46 - -36?
-61
Calculate 30 - (-22 + 43) - (-50 - (-7 + 3 + 2)).
57
Calculate 82 - (15 + -9 + -4 - (-15 + -5)).
60
508 - 497 - (5 + 117)
-111
Evaluate 14 - (5 + -2 + 13 + (-31 - -12)).
17
-2 + -26 + -2 + (4 - 5) + 6 + -13
-38
What is the value of 56 + 10 - (7 + (-13 - 2 - (43 + -37)))?
80
What is (-4 - ((5 - 1) + -35)) + -45 + 31 + 4?
17
7 + (-19 - (-23 - 0)) + 5 + -1
15
What is -5 - -56 - (84 + -48)?
15
What is 20 + -1 + 1 + (3 - -3) + 229 + -229?
26
Calculate 4954 + -4959 - (-2 + 4 + -9).
2
What is -22 + (-34 - -16) + 61?
21
-5 + 52 - (23 + -29 + 17)
36
What is the value of (46 - (24 - 6)) + -54?
-26
Calculate (30 - (33 + (47 - 34))) + 94.
78
Evaluate (-1 - 15) + -77 + (-123 - -191).
-25
Calculate 3 + 2 + 0 - (-43 - -55) - (53 + -96).
36
-171 - (7 + -24 + -134)
-20
3 + (-16 - -11) - (77 - 61)
-18
Evaluate -28029 + 27960 + 0 + 6 + 2 + -1.
-62
What is the value of (2 - -2 - 2) + (9 - (22 - -3) - 3)?
-17
What is the value of 0 + (65 - 31) + -21 + (-151 - -1)?
-137
Calculate 14 + 7 + -27 + 16 - -30.
40
Calculate 40 + (-83 + 93 - (14 - 3) - 1).
38
5 + (-47 - -47 - (-33 + -1))
39
Calculate 45 + -47 + -8 + -4 + 38.
24
What is (15 - (-203 - -409)) + (34 - -1)?
-156
What is (18 - (-14 + (29 - -1))) + 13 - -84?
99
Calculate (-4 - 3) + -21 + 5 + (15 - 21).
-29
What is the value of (-8 - (-13 - -4)) + 80 - (-10 + 11 + -15)?
95
Evaluate (90 - 45) + 53 + -24.
74
Evaluate -157 + 40 + 32 - -78.
-7
What is 5 + 2 + -1 + (29 + -60 - -22)?
-3
Calculate 36 - (21 + -44 + 33).
26
Evaluate (-17 - -44) + -5 - (42 - -3).
-23
Evaluate -10 - (1 + 4 - 0 - (-20 - -20 - -12)).
-3
What is 1 + 1 + 5 - (926 + -899)?
-20
Calculate (-1 - 1) + -97 + -12 + 61 + -39.
-89
Calculate 0 + -7 - 0 - (3855 - 3877 - (-143 + 0)).
-128
What is 33 - (12 - (14 + (-32 - 12)))?
-9
(-66 - -49 - (3 + -8 + -21)) + 12 + 0
21
Calculate 0 - -67 - (8 - -36 - 23).
46
What is the value of 22 - -9 - (4 + -12 + -2 + 0)?
41
-31 - (34 + (12 - 1) + -1)
-75
What is the value of -215 + 127 - -82 - 14?
-20
What is the value of -9 - (-57 - (-125 - 0) - (-5 + 3 - -3))?
-76
Evaluate -57 - (-9 - -5) - (-80 + 62 - -18).
-53
What is the value of -3 + 21 + -341 + 319?
-4
Evaluate 75 - -35 - (35 + -30 + (10 - 6 - 2)).
103
23 + -44 + 16 - -29
24
-366 - -400 - (5 + 0 + 1) - -7
35
What is 25 + (3 + 12 - (-158 + 151))?
47
Evaluate 41 - ((18 - (49 + 10)) + 36).
46
(-773 - -777) + (3 - 2 - 66)
-61
Evaluate -64 + -18 + -7 + (4 + -5 - 13).
-103
Evaluate -36 - ((-71 - 1) + (-279 - -304)).
11
What is the value of -1488 + 1478 - (-2 + 3 + 33